*r - 152. List the prime factors of i.
2, 5
Let u(w) = 422*w**2 + w. Let s be u(1). Suppose -y = 3*n - 2*n - s, -y = -2*n - 423. What are the prime factors of y?
3, 47
What are the prime factors of ((-30)/5 + -25291)/(-1)?
41, 617
Suppose 0 = -15*f - 2*f + 65283 + 73131. What are the prime factors of f?
2, 3, 23, 59
Suppose 210 = 4*p - 5*s - 125, -25 = -5*s. Suppose -p = 18*j - 19*j. Let g = j - 78. What are the prime factors of g?
2, 3
What are the prime factors of 4494/(8/(48/(-3))*-2 + 1)?
3, 7, 107
Let v(m) = -3*m - 20 - 23 + m**2 + m**2 + 10*m. Let o be v(12). Let u = -151 + o. What are the prime factors of u?
2, 89
Suppose 64*d = 343215 + 2142929. What are the prime factors of d?
2, 19423
Let p(j) = 21*j + 9. Let r be p(16). Suppose -t = -6*t + r. Suppose 0 = -4*u + 3*l + 221, -l + t = u + l. What are the prime factors of u?
59
Suppose 0 = -5*j + 15, -382 = 4*l + 3*j - j. Let d = -94 - l. Suppose 2*u = -d*u + q + 110, -4*u + 88 = q. What are the prime factors of u?
2, 11
Suppose -72*l + 24741 = -71*l - 15915. List the prime factors of l.
2, 3, 7, 11
Let u(n) = n - 15. Let b = 50 - 32. Let o be u(b). Suppose 0 = o*a - 25 - 248. List the prime factors of a.
7, 13
Let p(d) = -d**3 - 18*d**2 - 19*d - 37. Let o be p(-17). Let s be (o/8*-2)/((-57)/(-380)). What are the prime factors of 12/15 + 451/s?
7, 13
Let d(f) = -f + 47. Let c be d(-13). Let w be (c/(-8))/((-15)/100). Let a = w + -42. What are the prime factors of a?
2
Suppose -610*y + 362*y + 13686624 = 0. What are the prime factors of y?
2, 3, 7, 73
Suppose 376 = -6*t + 2*t - 2*j, 4*t - j + 388 = 0. Let x = t + 100. Suppose -x*z + 477 = -355. What are the prime factors of z?
2, 13
Let i(z) = z + 1. Let x(d) = 23*d - 58. Let s(b) = 3*i(b) - x(b). List the prime factors of s(-11).
281
Suppose 22 = -2*r - 2. Let m be r/10*(-2)/(-12)*-20. Suppose 8*n - m*n = 160. What are the prime factors of n?
2, 5
List the prime factors of (-2)/((1 + 1595/(-1597))*(-392 - -391)).
1597
Let x = 15211 + -9552. List the prime factors of x.
5659
Let q = -218 - -673. Let x = q - -236. Suppose -3*d + 3*n = -x + 259, 4*d - 568 = -4*n. List the prime factors of d.
11, 13
Let h(z) = -246*z + 256*z + 15 + 49. Let u be h(4). Let x = -21 + u. List the prime factors of x.
83
Suppose -7721 = -3*c - j + 10861, 2*j + 24786 = 4*c. List the prime factors of c.
3, 5, 7, 59
Let q = 107 - 106. What are the prime factors of (6/(-14))/q + (-23200)/(-70)?
331
Let n = -1554 - -926. Let w = -29 - n. List the prime factors of w.
599
Let s = -6676 + 15732. What are the prime factors of s?
2, 283
Suppose -5*h + 4*j = -6*h + 120, -2*h = -5*j - 214. Suppose -h = -2*d - 2*m + 374, d - 225 = 5*m. List the prime factors of d.
2, 3, 5
Let n be 22 + (-1)/(-1 - -2). Suppose n*p - 1841 = 14*p. What are the prime factors of p?
263
Suppose 167811 = 22*i - i. Suppose 44*d = i + 8993. What are the prime factors of d?
2, 193
Suppose -2*p = 15 - 25. Suppose -5*s = 39*g - 44*g - 2135, p*s = -2*g + 2142. List the prime factors of s.
2, 107
Let r be (-203)/(-28) + (-6)/(-8). Suppose -r*a = 8*a - 9248. List the prime factors of a.
2, 17
Let l(x) = 1860*x - 1162. What are the prime factors of l(3)?
2, 47
Suppose 2*h - 11*q - 9967 = -8*q, -8*q = 3*h - 15013. List the prime factors of h.
7, 23, 31
Let a = 62333 - 20842. What are the prime factors of a?
41491
Suppose -5*f - 2*r = 249, -2*f = -5*r - 0*r + 88. Let a = f - -41. What are the prime factors of (41/2)/((-17)/a - 2)?
2, 41
Let y = -59044 - -96049. What are the prime factors of y?
3, 5, 2467
Let i = -4971 - -7383. Suppose -175*r = -171*r - i. What are the prime factors of r?
3, 67
Let q be ((-12)/14)/(8 - 345/42). Suppose 2*m - q*l = 2542, 2*m - 3*m = 3*l - 1246. What are the prime factors of m?
13, 97
Let c be 2 - 83 - 8/(-2). Let w be (c/(-33))/((-2)/(-6)). Suppose -159 = -5*n + 2*i, -w = n - i - 37. List the prime factors of n.
3, 11
Let u = 42382 - 19569. List the prime factors of u.
7, 3259
Let f(h) = -h**3 - 27*h**2 + 39*h + 22. Let w be f(-29). Let s = -207 + w. List the prime factors of s.
2, 3, 61
Let j(h) = -315*h**3 + 9*h**2 + 29*h + 25. List the prime factors of j(-3).
2, 2131
Let i = 2686 + -670. Suppose 9*v - i = -2*a + 13*v, 3*v + 1008 = a. What are the prime factors of a?
2, 3, 7
Let y(u) = -7*u - 14. Let o be y(0). Let i be 0 + (-4)/o + (-2900)/(-140). What are the prime factors of (i/14 - (-1)/(-2)) + 32?
3, 11
Let o be (0/(-5 - -3))/1. List the prime factors of 98440/322 - (o - (-2)/(-7)).
2, 3, 17
Let y be 50/(33/(-27) - -1). Let c = -128 - y. Suppose c = 5*r - 2*n, -r + 15 = -2*n + 6*n. What are the prime factors of r?
19
Let f be (-12)/(-8) - (-702)/(-12). What are the prime factors of (642/(-8))/(f/380)?
5, 107
Let f(q) = -7*q**2 - 2*q + 5. Let g be f(-4). Let b = g + 49. Let w = b - -73. List the prime factors of w.
23
Let j be (7 + -1)*54/(-36). Let y be 1 + (-4737)/j + 2/(-6). Let i = y + -284. List the prime factors of i.
3
Let b be 1698 - 2 - -1*4/(-1). What are the prime factors of b/(-90)*(-50)/2?
2, 5, 47
Suppose w + 1665 = -4*y + 9769, -5*w = 4*y - 40536. List the prime factors of w.
2, 2027
Let l(y) = -21*y**2 - 33*y - 87. Let f be l(-3). Suppose -2*q + 4*q - 4*v = 698, 698 = 2*q - v. Let u = f + q. What are the prime factors of u?
2, 43
Let h(x) = 11*x**2 + 11*x - 28. Let v(s) = s**2 + 2*s + 4. Let n be v(-3). Let d be h(n). Suppose 4*a + 32 - d = 0. List the prime factors of a.
139
Let j = 39 - 35. Suppose -48 = 6*t - 60. Suppose 0 = -3*l + 2*l + t*o + 263, -1012 = -j*l - 2*o. List the prime factors of l.
3, 5, 17
What are the prime factors of 12 + 3/((-15)/(-36625))?
11, 23, 29
Let w = 5872 - 1906. List the prime factors of w.
2, 3, 661
Suppose 4*f + 21*u = 19*u - 40, -f - 15 = -2*u. Let s(x) be the third derivative of -x**5/60 - 5*x**4/8 + 5*x**3/3 - x**2. What are the prime factors of s(f)?
2, 3
Let w = -161 - -159. Let b(j) = -571*j - 41. List the prime factors of b(w).
3, 367
Let k = 748 - 746. Suppose z - 620 = -3*v, 1860 = 5*z - k*z + 5*v. What are the prime factors of z?
2, 5, 31
Suppose -4*q - 18318 = 26886. List the prime factors of (-4)/5 + (-20)/150*q.
2, 3, 251
Suppose 9*u + 4 - 31 = 0. Suppose d = 4 - 0. What are the prime factors of d/(-10) + 1324/10 + u?
3, 5
Suppose -263*c - 583987 = -63*c - 4237187. What are the prime factors of c?
2, 9133
Suppose 0 = 5*i - 3*l + 30, 3*l + 18 - 33 = 0. Let o(c) = 61*c**2 - 10*c - 15. List the prime factors of o(i).
2, 3, 47
Let q be -3 + 7261 + -7 + 12. Suppose 12*n - 3621 = q. What are the prime factors of n?
907
Let s(v) = -v**2 + 4*v + 2. Let b be s(4). Suppose 24 = x - b*w + w, -5*w = 3*x - 40. Suppose 3*n = x - 2. What are the prime factors of n?
2, 3
Let p = 64 - 1297. Let o = -470 - p. List the prime factors of o.
7, 109
Let m = -22249 + 36343. What are the prime factors of m?
2, 3, 29
Let d = -4 - -10. Suppose 4*r - d*r + 10 = 0. Suppose 74 = a + a - 5*c, r*c = 5*a - 155. List the prime factors of a.
3
Suppose z = -l + 8, 4*l + 9 = -z + 29. Suppose 10 = 5*t, -k + 3*k - l*t = 538. What are the prime factors of k?
3, 7, 13
Suppose -5*l - 2*a = -0*l + 23, -3 = -3*a. Let p(v) be the third derivative of -7*v**4/24 + 13*v**3/6 + v**2. List the prime factors of p(l).
2, 3
Suppose -2*m + 47674 = m + 8*m. What are the prime factors of m?
2, 11, 197
List the prime factors of 9/(-6) - (55/3)/(18/(-9531)).
2, 23, 211
What are the prime factors of (-2195304)/(-115) - 7/(-5)?
17, 1123
Let i be -3 - (3 + -8)*1. Suppose 5*g - 356 = 6*k - 5*k, -i*k = -4*g + 712. What are the prime factors of 14/(-42)*(k + -1)?
7, 17
Let b = 2346 - 704. Let m = -33 + 42. What are the prime factors of b/14 + (1 - m/7)?
3, 13
List the prime factors of 24*(-13 - -19)*(-7)/(280/(-2825)).
2, 3, 5, 113
Let i(h) = -19*h - 11. Let m be i(-2). Suppose -4*c = m - 7, -o + 40 = -5*c. Suppose 23*u = 22*u + o. What are the prime factors of u?
3, 5
Let p(z) = z + 6 + z**2 - 9 + 13 - 9*z. Let w be p(7). Suppose w*d = h - 149, -4*h + 603 = -2*d - 3*d. List the prime factors of h.
2, 19
Let a = -15 + 20. Suppose -2845 = a*u + 2*f + 3*f, -2*u + 2*f = 1130. What are the prime factors of 2/(-4) - u/2?
283
Let t = -5810 + 13869. What are the prime factors of t?
8059
Let w(v) = -1498*v + 53. Let j be (-1)/((2 + 1)*(-2)/(-6)). List the prime factors of w(j).